
Is 220292909 composite?
False
Is 2591531891 composite?
True
Is 729584041 a composite number?
False
Is 495258857 prime?
True
Is 102007811 a prime number?
False
Is 205631648401 composite?
False
Is 634997093 prime?
True
Is 574514729 prime?
True
Is 15505725743 composite?
False
Is 1737183333 a composite number?
True
Is 1025010793 a prime number?
True
Is 95757065 composite?
True
Is 32931012377 a prime number?
True
Is 210335201 a composite number?
False
Is 189325792973 composite?
True
Is 7956227603 prime?
True
Is 19474442551 prime?
True
Is 12323528853 composite?
True
Is 1453672219 prime?
True
Is 5556695383 a composite number?
True
Is 1789586653 a composite number?
True
Is 6888328549 a prime number?
False
Is 430127069 a composite number?
True
Is 9289710887 composite?
False
Is 97797256563 a composite number?
True
Is 3438810173 composite?
True
Is 2168063201 prime?
True
Is 8655120979 prime?
True
Is 5036973379 prime?
False
Is 43065385283 a prime number?
False
Is 788573683 a composite number?
True
Is 7427781677 prime?
True
Is 408033211 composite?
False
Is 311169203 composite?
True
Is 31303411 composite?
False
Is 33781355687 a composite number?
False
Is 56914531 a prime number?
True
Is 2020720723 prime?
False
Is 919371539 a prime number?
False
Is 8645354717 a prime number?
False
Is 746658841 prime?
False
Is 77507803 composite?
False
Is 540798171 a prime number?
False
Is 70270458049 a composite number?
True
Is 1543614187 composite?
False
Is 673268741 composite?
False
Is 21257376607 a prime number?
True
Is 5866739531 composite?
False
Is 9161140589 a prime number?
True
Is 1853711353 composite?
True
Is 690854581 a prime number?
True
Is 30521807291 prime?
False
Is 108367111 a composite number?
False
Is 98055239053 prime?
True
Is 4798830343 prime?
True
Is 1287254107 composite?
False
Is 3968427101 a prime number?
True
Is 1865338793 composite?
True
Is 2034069029 a prime number?
False
Is 114657383 prime?
True
Is 518869471 a prime number?
False
Is 40350495623 a prime number?
True
Is 9401627 a composite number?
False
Is 7459605911 a prime number?
True
Is 69568874327 a prime number?
False
Is 43854333931 composite?
False
Is 555196127 a prime number?
True
Is 54740511403 a composite number?
False
Is 40774391311 a composite number?
False
Is 1742352845 a composite number?
True
Is 11283934979 prime?
False
Is 8077935401 a composite number?
False
Is 19690494349 a prime number?
True
Is 11861674613 a prime number?
True
Is 558558787 a prime number?
True
Is 64953467 composite?
True
Is 1407646265 prime?
False
Is 9741452459 composite?
False
Is 25451509781 a composite number?
False
Is 515632751 a prime number?
True
Is 33290895811 composite?
False
Is 3517737949 a prime number?
False
Is 4730393981 composite?
True
Is 1389351949 a composite number?
False
Is 1465444231 a prime number?
True
Is 19838449 prime?
True
Is 9248865401 composite?
True
Is 28194014921 prime?
False
Is 23834946211 a prime number?
False
Is 38147306513 a prime number?
True
Is 87740151677 prime?
True
Is 4356266683 composite?
True
Is 339248279 prime?
False
Is 1991080853 composite?
True
Is 573829351 a prime number?
False
Is 25735917157 a prime number?
True
Is 65181259379 a prime number?
True
Is 2676238013 prime?
True
Is 4202791777 prime?
False
Is 22121881 composite?
True
Is 10131875639 composite?
False
Is 10485577 prime?
False
Is 4723028809 a prime number?
True
Is 1109016863 prime?
True
Is 1341195517 composite?
False
Is 340195153 prime?
True
Is 4823767651 a prime number?
True
Is 109586767 a composite number?
True
Is 2638290649 a composite number?
False
Is 641927567 prime?
True
Is 2820322103 composite?
True
Is 590503967 a prime number?
False
Is 1185556849 composite?
True
Is 210211245043 composite?
False
Is 22746277453 a composite number?
False
Is 456292411 composite?
False
Is 10965191891 a prime number?
True
Is 3929618699 prime?
True
Is 353440427 a prime number?
True
Is 13908449101 prime?
False
Is 9920271149 a prime number?
False
Is 221054881 prime?
False
Is 2514437335 a composite number?
True
Is 7991078269 a composite number?
True
Is 1142279687 a composite number?
False
Is 25140839 a composite number?
False
Is 3025499681 a composite number?
True
Is 870794849 composite?
True
Is 12868208777 composite?
False
Is 4149671321 composite?
True
Is 172599804791 composite?
False
Is 46423554935 prime?
False
Is 184582577 a composite number?
False
Is 3242755771 composite?
False
Is 15534833 a composite number?
False
Is 2901497 a composite number?
True
Is 532198993 a prime number?
False
Is 53013593579 prime?
False
Is 1194535303 composite?
True
Is 1648901591 a prime number?
False
Is 47746513357 composite?
False
Is 5300210287 a composite number?
True
Is 63860358859 composite?
True
Is 13471532069 a composite number?
True
Is 7993915953 a composite number?
True
Is 1552633807 a composite number?
False
Is 12877715603 a prime number?
False
Is 494054872379 prime?
True
Is 12734891899 a prime number?
True
Is 214139146667 a prime number?
True
Is 77413467067 composite?
True
Is 45311506 a prime number?
False
Is 37038763211 a composite number?
False
Is 78104206681 a composite number?
True
Is 529230817 composite?
False
Is 24449133857 a prime number?
False
Is 24361853987 a composite number?
True
Is 2885308733 prime?
True
Is 3353760607 prime?
True
Is 39157351 prime?
False
Is 10840537969 composite?
False
Is 120389141453 a composite number?
True
Is 3026847361 composite?
True
Is 1454886101 a prime number?
True
Is 1045966895 prime?
False
Is 93152209 a prime number?
False
Is 161331601 a composite number?
True
Is 2144809 a composite number?
True
Is 1757381519 prime?
True
Is 8799005599 a composite number?
False
Is 7516646591 prime?
True
Is 258853505 a composite number?
True
Is 480153601 a composite number?
True
Is 15957588811 a composite number?
True
Is 25537157031 composite?
True
Is 20029383269 a prime number?
False
Is 10291511473 composite?
False
Is 93948446939 prime?
False
Is 21478608901 a prime number?
False
Is 29919682421 a composite number?
True
Is 2157743471 a prime number?
False
Is 918247705 composite?
True
Is 1876193833 prime?
False
Is 1975072847 composite?
True
Is 7551504214 a prime number?
False
Is 2649373343 a composite number?
False
Is 135231287 a composite number?
False
Is 13172579239 a composite number?
False
Is 20933754157 a composite number?
True
Is 13333749217 composite?
False
Is 476530199 a prime number?
False
Is 30677179007 a prime number?
True
Is 166090292363 a prime number?
False
Is 12769636757 a prime number?
True
Is 3812628781 composite?
True
Is 5188703017 prime?
False
Is 603206986 a composite number?
True
Is 321900391 a prime number?
True
Is 79269742743 composite?
True
Is 31128922262 composite?
True
Is 1268236789 composite?
True
Is 50603541 composite?
True
Is 5181591713 a composite number?
True
Is 2662924457 a prime number?
False
Is 79582866281 a prime number?
True
Is 49347521 a composite number?
True
Is 504672089 composite?
True
Is 7392027967 a prime number?
True
Is 2278291123 a prime number?
False
Is 24952213717 a prime number?
True
Is 13032909503 a prime number?
False
Is 2053758529 prime?
False
Is 13639065413 composite?
True
Is 1277350229 prime?
True
Is 267796966 a composite number?
True
Is 7670937451 a composite number?
True
Is 7480442573 composite?
False
Is 11078155609 composite?
True
Is 6236553383 a prime number?
True
Is 409620013 prime?
False
Is 6476671241 a prime number?
True
Is 17015369591 a composite number?
True
Is 4417081419 composite?
True
Is 14890694435 composite?
True
Is 1299384529 composite?
False
Is 2630584533 composite?
True
Is 10383671 composite?
True
Is 27075034699 prime?
False
Is 31189825769 a prime number?
True
Is 1432835269 a prime number?
True
Is 316693261723 composite?
False
Is 1054066771 a composite number?
True
Is 77870147627 a prime number?
True
Is 831817829 a composite number?
False
Is 818929135 a prime number?
False
Is 7135448011 prime?
True
Is 10531742231 a prime number?
True
Is 7048429743 a prime number?
False
Is 517215281 prime?
False
Is 55089194689 a prime number?
True
Is 24476981 a composite number?
False
Is 7343514413 a composite number?
True
Is 1343133157 prime?
False
Is 10405489207 prime?
True
Is 31264814341 composite?
False
Is 576916499 prime?
False
Is 1768115807 a composite number?
False
Is 324